{"id":7772,"date":"2023-06-16T08:26:22","date_gmt":"2023-06-16T08:26:22","guid":{"rendered":"https:\/\/www.civile.es\/politica-de-qualidade-e-ambiente\/"},"modified":"2025-05-23T07:22:48","modified_gmt":"2025-05-23T07:22:48","slug":"politica-de-qualidade-e-ambiente","status":"publish","type":"page","link":"https:\/\/www.civile.es\/pt-pt\/politica-de-qualidade-e-ambiente\/","title":{"rendered":"POL\u00cdTICA DE QUALIDADE E AMBIENTE"},"content":{"rendered":"\n<p>A CIVILE ICF, S.L.P. \u00e9 uma empresa de servi\u00e7os avan\u00e7ados de engenharia, consultoria e forma\u00e7\u00e3o com v\u00e1rios anos de experi\u00eancia no sector, fornecendo solu\u00e7\u00f5es a empresas e organiza\u00e7\u00f5es que necessitam de desenvolvimento e gest\u00e3o de infra-estruturas civis e ambientais.<\/p>\n\n<p>\u00c9 constitu\u00edda por uma vasta equipa de profissionais com mais de dez anos de experi\u00eancia que, num compromisso permanente com a qualidade, garantem a excel\u00eancia do resultado como consequ\u00eancia da excel\u00eancia do processo.<\/p>\n\n<p>Esta Pol\u00edtica de Qualidade e Meio Ambiente estabelece como eixos principais a melhoria da satisfa\u00e7\u00e3o dos nossos clientes para conseguir uma rela\u00e7\u00e3o est\u00e1vel e de colabora\u00e7\u00e3o, minimizando o impacto que a nossa atividade possa ter no meio ambiente.<\/p>\n\n<p>As expectativas dos clientes exigem tanto o cumprimento dos seus requisitos, como os estabelecidos pela pr\u00f3pria organiza\u00e7\u00e3o e os relacionados com o servi\u00e7o.<\/p>\n\n<p>Desta forma, a filosofia e os objectivos b\u00e1sicos que definir\u00e3o a dire\u00e7\u00e3o da nossa organiza\u00e7\u00e3o ser\u00e3o:<\/p>\n\n<p>&#8211; Assegurar aos nossos clientes a presta\u00e7\u00e3o de servi\u00e7os solventes e fi\u00e1veis, envolvendo-nos o mais poss\u00edvel no processo de melhoria cont\u00ednua.<\/p>\n\n<p>&#8211; O conceito de servi\u00e7o ao cliente e de plena satisfa\u00e7\u00e3o do cliente que inspira este processo de melhoria refletir-se-\u00e1 tamb\u00e9m na nossa empresa, de tal forma que as ac\u00e7\u00f5es internas de cada pessoa devem procurar sempre a satisfa\u00e7\u00e3o das pessoas ou fun\u00e7\u00f5es que as seguem na cadeia, utilizando os resultados do seu trabalho.<\/p>\n\n<p>&#8211; Cumprimento de requisitos legais e requisitos impl\u00edcitos que nos s\u00e3o aplic\u00e1veis devido \u00e0 nossa atividade, tanto na execu\u00e7\u00e3o dos nossos servi\u00e7os como no \u00e2mbito ambiental das nossas actividades.<\/p>\n\n<p>&#8211; Estabelecer ac\u00e7\u00f5es e programas que visem a preven\u00e7\u00e3o e n\u00e3o apenas a dete\u00e7\u00e3o.<\/p>\n\n<p>&#8211; Gerir os res\u00edduos e o lixo de forma respons\u00e1vel, promovendo a reciclagem.<\/p>\n\n<p>&#8211; Estabelecer a preven\u00e7\u00e3o da polui\u00e7\u00e3o e o compromisso social como um dos nossos principais objectivos. Utiliza\u00e7\u00e3o racional dos recursos materiais. <\/p>\n\n<p>&#8211; Proporcionar a todo o pessoal o n\u00edvel de forma\u00e7\u00e3o e aprendizagem necess\u00e1rio para o desenvolvimento das suas actividades relacionadas com a qualidade do servi\u00e7o e a gest\u00e3o ambiental da atividade.<\/p>\n\n<p>&#8211; Compromisso de proteger o ambiente e o nosso meio envolvente, atrav\u00e9s de ac\u00e7\u00f5es e medidas destinadas a prevenir qualquer tipo de comunica\u00e7\u00e3o que possa surgir nas opera\u00e7\u00f5es decorrentes da nossa atividade.<\/p>\n\n<p>&#8211; Faz da qualidade e do respeito pelo ambiente um elemento b\u00e1sico da cultura da empresa.<\/p>\n\n<p>A dire\u00e7\u00e3o estabelecer\u00e1, no \u00e2mbito da pol\u00edtica geral da CIVILE ICF, S.L.P., os planos e os recursos necess\u00e1rios para atingir os objectivos definidos na presente pol\u00edtica.<\/p>\n\n<p>CIVILE ICF, S.L.P. compromete-se a promover a compreens\u00e3o e a divulga\u00e7\u00e3o da nossa pol\u00edtica no seio da nossa organiza\u00e7\u00e3o, atrav\u00e9s da forma\u00e7\u00e3o cont\u00ednua e da comunica\u00e7\u00e3o com os nossos empregados e colaboradores.<\/p>\n\n<p>Esta Pol\u00edtica Integrada constitui um quadro de refer\u00eancia para a defini\u00e7\u00e3o e revis\u00e3o dos objectivos do sistema de Qualidade e Ambiente, sendo comunicada a toda a Organiza\u00e7\u00e3o, exposta a todas as partes interessadas e revista anualmente para adequa\u00e7\u00e3o, quando considerado necess\u00e1rio.<\/p>\n\n<p>Em Sevilha, 11 de janeiro de 2021<\/p>\n\n<p>CIVILE ICF, S.L.P.<\/p>\n","protected":false},"excerpt":{"rendered":"<p>A CIVILE ICF, S.L.P. \u00e9 uma empresa de servi\u00e7os avan\u00e7ados de engenharia, consultoria e forma\u00e7\u00e3o com v\u00e1rios anos de experi\u00eancia no sector, fornecendo solu\u00e7\u00f5es a empresas e organiza\u00e7\u00f5es que necessitam<\/p>\n","protected":false},"author":6,"featured_media":0,"parent":0,"menu_order":0,"comment_status":"closed","ping_status":"closed","template":"","meta":{"footnotes":""},"class_list":["post-7772","page","type-page","status-publish","hentry"],"yoast_head":"<!-- This site is optimized with the Yoast SEO plugin v27.5 - https:\/\/yoast.com\/product\/yoast-seo-wordpress\/ -->\n<title>POL\u00cdTICA DE QUALIDADE E AMBIENTE - Civile<\/title>\n<meta name=\"robots\" content=\"index, follow, max-snippet:-1, max-image-preview:large, max-video-preview:-1\" \/>\n<link rel=\"canonical\" href=\"https:\/\/www.civile.es\/pt-pt\/politica-de-qualidade-e-ambiente\/\" \/>\n<meta property=\"og:locale\" content=\"pt_PT\" \/>\n<meta property=\"og:type\" content=\"article\" \/>\n<meta property=\"og:title\" content=\"POL\u00cdTICA DE QUALIDADE E AMBIENTE - Civile\" \/>\n<meta property=\"og:description\" content=\"A CIVILE ICF, S.L.P. \u00e9 uma empresa de servi\u00e7os avan\u00e7ados de engenharia, consultoria e forma\u00e7\u00e3o com v\u00e1rios anos de experi\u00eancia no sector, fornecendo solu\u00e7\u00f5es a empresas e organiza\u00e7\u00f5es que necessitam\" \/>\n<meta property=\"og:url\" content=\"https:\/\/www.civile.es\/pt-pt\/politica-de-qualidade-e-ambiente\/\" \/>\n<meta property=\"og:site_name\" content=\"Civile\" \/>\n<meta property=\"article:modified_time\" content=\"2025-05-23T07:22:48+00:00\" \/>\n<meta name=\"twitter:card\" content=\"summary_large_image\" \/>\n<meta name=\"twitter:site\" content=\"@civileicf\" \/>\n<meta name=\"twitter:label1\" content=\"Tempo estimado de leitura\" \/>\n\t<meta name=\"twitter:data1\" content=\"3 minutos\" \/>\n<script type=\"application\/ld+json\" class=\"yoast-schema-graph\">{\"@context\":\"https:\\\/\\\/schema.org\",\"@graph\":[{\"@type\":\"WebPage\",\"@id\":\"https:\\\/\\\/www.civile.es\\\/pt-pt\\\/politica-de-qualidade-e-ambiente\\\/\",\"url\":\"https:\\\/\\\/www.civile.es\\\/pt-pt\\\/politica-de-qualidade-e-ambiente\\\/\",\"name\":\"POL\u00cdTICA DE QUALIDADE E AMBIENTE - Civile\",\"isPartOf\":{\"@id\":\"https:\\\/\\\/www.civile.es\\\/pt-pt\\\/#website\"},\"datePublished\":\"2023-06-16T08:26:22+00:00\",\"dateModified\":\"2025-05-23T07:22:48+00:00\",\"breadcrumb\":{\"@id\":\"https:\\\/\\\/www.civile.es\\\/pt-pt\\\/politica-de-qualidade-e-ambiente\\\/#breadcrumb\"},\"inLanguage\":\"pt-PT\",\"potentialAction\":[{\"@type\":\"ReadAction\",\"target\":[\"https:\\\/\\\/www.civile.es\\\/pt-pt\\\/politica-de-qualidade-e-ambiente\\\/\"]}]},{\"@type\":\"BreadcrumbList\",\"@id\":\"https:\\\/\\\/www.civile.es\\\/pt-pt\\\/politica-de-qualidade-e-ambiente\\\/#breadcrumb\",\"itemListElement\":[{\"@type\":\"ListItem\",\"position\":1,\"name\":\"Portada\",\"item\":\"https:\\\/\\\/www.civile.es\\\/pt-pt\\\/casa\\\/\"},{\"@type\":\"ListItem\",\"position\":2,\"name\":\"POL\u00cdTICA DE QUALIDADE E AMBIENTE\"}]},{\"@type\":\"WebSite\",\"@id\":\"https:\\\/\\\/www.civile.es\\\/pt-pt\\\/#website\",\"url\":\"https:\\\/\\\/www.civile.es\\\/pt-pt\\\/\",\"name\":\"Civile Ingenier\u00eda, Consultor\u00eda y Formaci\u00f3n\",\"description\":\"Civile\",\"publisher\":{\"@id\":\"https:\\\/\\\/www.civile.es\\\/pt-pt\\\/#organization\"},\"potentialAction\":[{\"@type\":\"SearchAction\",\"target\":{\"@type\":\"EntryPoint\",\"urlTemplate\":\"https:\\\/\\\/www.civile.es\\\/pt-pt\\\/?s={search_term_string}\"},\"query-input\":{\"@type\":\"PropertyValueSpecification\",\"valueRequired\":true,\"valueName\":\"search_term_string\"}}],\"inLanguage\":\"pt-PT\"},{\"@type\":\"Organization\",\"@id\":\"https:\\\/\\\/www.civile.es\\\/pt-pt\\\/#organization\",\"name\":\"Civile Ingenier\u00eda, Consultor\u00eda y Formaci\u00f3n\",\"url\":\"https:\\\/\\\/www.civile.es\\\/pt-pt\\\/\",\"logo\":{\"@type\":\"ImageObject\",\"inLanguage\":\"pt-PT\",\"@id\":\"https:\\\/\\\/www.civile.es\\\/pt-pt\\\/#\\\/schema\\\/logo\\\/image\\\/\",\"url\":\"https:\\\/\\\/www.civile.es\\\/wp-content\\\/uploads\\\/2023\\\/02\\\/LOGOTIPOS-CIVILE-con-lema.png\",\"contentUrl\":\"https:\\\/\\\/www.civile.es\\\/wp-content\\\/uploads\\\/2023\\\/02\\\/LOGOTIPOS-CIVILE-con-lema.png\",\"width\":400,\"height\":139,\"caption\":\"Civile Ingenier\u00eda, Consultor\u00eda y Formaci\u00f3n\"},\"image\":{\"@id\":\"https:\\\/\\\/www.civile.es\\\/pt-pt\\\/#\\\/schema\\\/logo\\\/image\\\/\"},\"sameAs\":[\"https:\\\/\\\/x.com\\\/civileicf\",\"https:\\\/\\\/www.linkedin.com\\\/company\\\/2911193\"]}]}<\/script>\n<!-- \/ Yoast SEO plugin. -->","yoast_head_json":{"title":"POL\u00cdTICA DE QUALIDADE E AMBIENTE - Civile","robots":{"index":"index","follow":"follow","max-snippet":"max-snippet:-1","max-image-preview":"max-image-preview:large","max-video-preview":"max-video-preview:-1"},"canonical":"https:\/\/www.civile.es\/pt-pt\/politica-de-qualidade-e-ambiente\/","og_locale":"pt_PT","og_type":"article","og_title":"POL\u00cdTICA DE QUALIDADE E AMBIENTE - Civile","og_description":"A CIVILE ICF, S.L.P. \u00e9 uma empresa de servi\u00e7os avan\u00e7ados de engenharia, consultoria e forma\u00e7\u00e3o com v\u00e1rios anos de experi\u00eancia no sector, fornecendo solu\u00e7\u00f5es a empresas e organiza\u00e7\u00f5es que necessitam","og_url":"https:\/\/www.civile.es\/pt-pt\/politica-de-qualidade-e-ambiente\/","og_site_name":"Civile","article_modified_time":"2025-05-23T07:22:48+00:00","twitter_card":"summary_large_image","twitter_site":"@civileicf","twitter_misc":{"Tempo estimado de leitura":"3 minutos"},"schema":{"@context":"https:\/\/schema.org","@graph":[{"@type":"WebPage","@id":"https:\/\/www.civile.es\/pt-pt\/politica-de-qualidade-e-ambiente\/","url":"https:\/\/www.civile.es\/pt-pt\/politica-de-qualidade-e-ambiente\/","name":"POL\u00cdTICA DE QUALIDADE E AMBIENTE - Civile","isPartOf":{"@id":"https:\/\/www.civile.es\/pt-pt\/#website"},"datePublished":"2023-06-16T08:26:22+00:00","dateModified":"2025-05-23T07:22:48+00:00","breadcrumb":{"@id":"https:\/\/www.civile.es\/pt-pt\/politica-de-qualidade-e-ambiente\/#breadcrumb"},"inLanguage":"pt-PT","potentialAction":[{"@type":"ReadAction","target":["https:\/\/www.civile.es\/pt-pt\/politica-de-qualidade-e-ambiente\/"]}]},{"@type":"BreadcrumbList","@id":"https:\/\/www.civile.es\/pt-pt\/politica-de-qualidade-e-ambiente\/#breadcrumb","itemListElement":[{"@type":"ListItem","position":1,"name":"Portada","item":"https:\/\/www.civile.es\/pt-pt\/casa\/"},{"@type":"ListItem","position":2,"name":"POL\u00cdTICA DE QUALIDADE E AMBIENTE"}]},{"@type":"WebSite","@id":"https:\/\/www.civile.es\/pt-pt\/#website","url":"https:\/\/www.civile.es\/pt-pt\/","name":"Civile Ingenier\u00eda, Consultor\u00eda y Formaci\u00f3n","description":"Civile","publisher":{"@id":"https:\/\/www.civile.es\/pt-pt\/#organization"},"potentialAction":[{"@type":"SearchAction","target":{"@type":"EntryPoint","urlTemplate":"https:\/\/www.civile.es\/pt-pt\/?s={search_term_string}"},"query-input":{"@type":"PropertyValueSpecification","valueRequired":true,"valueName":"search_term_string"}}],"inLanguage":"pt-PT"},{"@type":"Organization","@id":"https:\/\/www.civile.es\/pt-pt\/#organization","name":"Civile Ingenier\u00eda, Consultor\u00eda y Formaci\u00f3n","url":"https:\/\/www.civile.es\/pt-pt\/","logo":{"@type":"ImageObject","inLanguage":"pt-PT","@id":"https:\/\/www.civile.es\/pt-pt\/#\/schema\/logo\/image\/","url":"https:\/\/www.civile.es\/wp-content\/uploads\/2023\/02\/LOGOTIPOS-CIVILE-con-lema.png","contentUrl":"https:\/\/www.civile.es\/wp-content\/uploads\/2023\/02\/LOGOTIPOS-CIVILE-con-lema.png","width":400,"height":139,"caption":"Civile Ingenier\u00eda, Consultor\u00eda y Formaci\u00f3n"},"image":{"@id":"https:\/\/www.civile.es\/pt-pt\/#\/schema\/logo\/image\/"},"sameAs":["https:\/\/x.com\/civileicf","https:\/\/www.linkedin.com\/company\/2911193"]}]}},"_links":{"self":[{"href":"https:\/\/www.civile.es\/pt-pt\/wp-json\/wp\/v2\/pages\/7772","targetHints":{"allow":["GET"]}}],"collection":[{"href":"https:\/\/www.civile.es\/pt-pt\/wp-json\/wp\/v2\/pages"}],"about":[{"href":"https:\/\/www.civile.es\/pt-pt\/wp-json\/wp\/v2\/types\/page"}],"author":[{"embeddable":true,"href":"https:\/\/www.civile.es\/pt-pt\/wp-json\/wp\/v2\/users\/6"}],"replies":[{"embeddable":true,"href":"https:\/\/www.civile.es\/pt-pt\/wp-json\/wp\/v2\/comments?post=7772"}],"version-history":[{"count":1,"href":"https:\/\/www.civile.es\/pt-pt\/wp-json\/wp\/v2\/pages\/7772\/revisions"}],"predecessor-version":[{"id":7773,"href":"https:\/\/www.civile.es\/pt-pt\/wp-json\/wp\/v2\/pages\/7772\/revisions\/7773"}],"wp:attachment":[{"href":"https:\/\/www.civile.es\/pt-pt\/wp-json\/wp\/v2\/media?parent=7772"}],"curies":[{"name":"wp","href":"https:\/\/api.w.org\/{rel}","templated":true}]}}

POLÍTICA DE QUALIDADE E AMBIENTE

<p>A CIVILE ICF, S.L.P. é uma empresa de serviços avançados de engenharia, consultoria e formação com vários anos de experiência no sector, fornecendo soluções a empresas e organizações que necessitam de desenvolvimento e gestão de infra-estruturas civis e ambientais.</p>

<p>É constituída por uma vasta equipa de profissionais com mais de dez anos de experiência que, num compromisso permanente com a qualidade, garantem a excelência do resultado como consequência da excelência do processo.</p>

<p>Esta Política de Qualidade e Meio Ambiente estabelece como eixos principais a melhoria da satisfação dos nossos clientes para conseguir uma relação estável e de colaboração, minimizando o impacto que a nossa atividade possa ter no meio ambiente.</p>

<p>As expectativas dos clientes exigem tanto o cumprimento dos seus requisitos, como os estabelecidos pela própria organização e os relacionados com o serviço.</p>

<p>Desta forma, a filosofia e os objectivos básicos que definirão a direção da nossa organização serão:</p>

<p>&#8211; Assegurar aos nossos clientes a prestação de serviços solventes e fiáveis, envolvendo-nos o mais possível no processo de melhoria contínua.</p>

<p>&#8211; O conceito de serviço ao cliente e de plena satisfação do cliente que inspira este processo de melhoria refletir-se-á também na nossa empresa, de tal forma que as acções internas de cada pessoa devem procurar sempre a satisfação das pessoas ou funções que as seguem na cadeia, utilizando os resultados do seu trabalho.</p>

<p>&#8211; Cumprimento de requisitos legais e requisitos implícitos que nos são aplicáveis devido à nossa atividade, tanto na execução dos nossos serviços como no âmbito ambiental das nossas actividades.</p>

<p>&#8211; Estabelecer acções e programas que visem a prevenção e não apenas a deteção.</p>

<p>&#8211; Gerir os resíduos e o lixo de forma responsável, promovendo a reciclagem.</p>

<p>&#8211; Estabelecer a prevenção da poluição e o compromisso social como um dos nossos principais objectivos. Utilização racional dos recursos materiais. </p>

<p>&#8211; Proporcionar a todo o pessoal o nível de formação e aprendizagem necessário para o desenvolvimento das suas actividades relacionadas com a qualidade do serviço e a gestão ambiental da atividade.</p>

<p>&#8211; Compromisso de proteger o ambiente e o nosso meio envolvente, através de acções e medidas destinadas a prevenir qualquer tipo de comunicação que possa surgir nas operações decorrentes da nossa atividade.</p>

<p>&#8211; Faz da qualidade e do respeito pelo ambiente um elemento básico da cultura da empresa.</p>

<p>A direção estabelecerá, no âmbito da política geral da CIVILE ICF, S.L.P., os planos e os recursos necessários para atingir os objectivos definidos na presente política.</p>

<p>CIVILE ICF, S.L.P. compromete-se a promover a compreensão e a divulgação da nossa política no seio da nossa organização, através da formação contínua e da comunicação com os nossos empregados e colaboradores.</p>

<p>Esta Política Integrada constitui um quadro de referência para a definição e revisão dos objectivos do sistema de Qualidade e Ambiente, sendo comunicada a toda a Organização, exposta a todas as partes interessadas e revista anualmente para adequação, quando considerado necessário.</p>

<p>Em Sevilha, 11 de janeiro de 2021</p>

<p>CIVILE ICF, S.L.P.</p>

<p>A CIVILE ICF, S.L.P. é uma empresa de serviços avançados de engenharia, consultoria e formação com vários anos de experiência no sector, fornecendo soluções a empresas e organizações que necessitam</p>

<!-- This site is optimized with the Yoast SEO plugin v27.5 - https://yoast.com/product/yoast-seo-wordpress/ -->
<title>POLÍTICA DE QUALIDADE E AMBIENTE - Civile</title>
<meta name="robots" content="index, follow, max-snippet:-1, max-image-preview:large, max-video-preview:-1" />
<link rel="canonical" href="https://www.civile.es/pt-pt/politica-de-qualidade-e-ambiente/" />
<meta property="og:locale" content="pt_PT" />
<meta property="og:type" content="article" />
<meta property="og:title" content="POLÍTICA DE QUALIDADE E AMBIENTE - Civile" />
<meta property="og:description" content="A CIVILE ICF, S.L.P. é uma empresa de serviços avançados de engenharia, consultoria e formação com vários anos de experiência no sector, fornecendo soluções a empresas e organizações que necessitam" />
<meta property="og:url" content="https://www.civile.es/pt-pt/politica-de-qualidade-e-ambiente/" />
<meta property="og:site_name" content="Civile" />
<meta property="article:modified_time" content="2025-05-23T07:22:48+00:00" />
<meta name="twitter:card" content="summary_large_image" />
<meta name="twitter:site" content="@civileicf" />
<meta name="twitter:label1" content="Tempo estimado de leitura" />
	<meta name="twitter:data1" content="3 minutos" />
<script type="application/ld+json" class="yoast-schema-graph">{"@context":"https:\/\/schema.org","@graph":[{"@type":"WebPage","@id":"https:\/\/www.civile.es\/pt-pt\/politica-de-qualidade-e-ambiente\/","url":"https:\/\/www.civile.es\/pt-pt\/politica-de-qualidade-e-ambiente\/","name":"POLÍTICA DE QUALIDADE E AMBIENTE - Civile","isPartOf":{"@id":"https:\/\/www.civile.es\/pt-pt\/#website"},"datePublished":"2023-06-16T08:26:22+00:00","dateModified":"2025-05-23T07:22:48+00:00","breadcrumb":{"@id":"https:\/\/www.civile.es\/pt-pt\/politica-de-qualidade-e-ambiente\/#breadcrumb"},"inLanguage":"pt-PT","potentialAction":[{"@type":"ReadAction","target":["https:\/\/www.civile.es\/pt-pt\/politica-de-qualidade-e-ambiente\/"]}]},{"@type":"BreadcrumbList","@id":"https:\/\/www.civile.es\/pt-pt\/politica-de-qualidade-e-ambiente\/#breadcrumb","itemListElement":[{"@type":"ListItem","position":1,"name":"Portada","item":"https:\/\/www.civile.es\/pt-pt\/casa\/"},{"@type":"ListItem","position":2,"name":"POLÍTICA DE QUALIDADE E AMBIENTE"}]},{"@type":"WebSite","@id":"https:\/\/www.civile.es\/pt-pt\/#website","url":"https:\/\/www.civile.es\/pt-pt\/","name":"Civile Ingeniería, Consultoría y Formación","description":"Civile","publisher":{"@id":"https:\/\/www.civile.es\/pt-pt\/#organization"},"potentialAction":[{"@type":"SearchAction","target":{"@type":"EntryPoint","urlTemplate":"https:\/\/www.civile.es\/pt-pt\/?s={search_term_string}"},"query-input":{"@type":"PropertyValueSpecification","valueRequired":true,"valueName":"search_term_string"}}],"inLanguage":"pt-PT"},{"@type":"Organization","@id":"https:\/\/www.civile.es\/pt-pt\/#organization","name":"Civile Ingeniería, Consultoría y Formación","url":"https:\/\/www.civile.es\/pt-pt\/","logo":{"@type":"ImageObject","inLanguage":"pt-PT","@id":"https:\/\/www.civile.es\/pt-pt\/#\/schema\/logo\/image\/","url":"https:\/\/www.civile.es\/wp-content\/uploads\/2023\/02\/LOGOTIPOS-CIVILE-con-lema.png","contentUrl":"https:\/\/www.civile.es\/wp-content\/uploads\/2023\/02\/LOGOTIPOS-CIVILE-con-lema.png","width":400,"height":139,"caption":"Civile Ingeniería, Consultoría y Formación"},"image":{"@id":"https:\/\/www.civile.es\/pt-pt\/#\/schema\/logo\/image\/"},"sameAs":["https:\/\/x.com\/civileicf","https:\/\/www.linkedin.com\/company\/2911193"]}]}</script>
<!-- / Yoast SEO plugin. -->

POLÍTICA DE QUALIDADE E AMBIENTE - Civile

A CIVILE ICF, S.L.P. é uma empresa de serviços avançados de engenharia, consultoria e formação com vários anos de experiência no sector, fornecendo soluções a empresas e organizações que necessitam

Civile Ingeniería, Consultoría y Formación
